{"id":5,"date":"2017-12-08T21:45:32","date_gmt":"2017-12-08T20:45:32","guid":{"rendered":"http:\/\/lindgens-haustechnik.de\/wordpress\/?page_id=5"},"modified":"2024-01-09T21:48:16","modified_gmt":"2024-01-09T20:48:16","slug":"home","status":"publish","type":"page","link":"https:\/\/lindgens-haustechnik.de\/wordpress\/","title":{"rendered":"Willkommen"},"content":{"rendered":"<p>Herzlich willkommen bei M. Lindgens Heizung-Sanit\u00e4r.<\/p>\n<p>Wir freuen uns, dass Sie unseren Internet-Auftritt besuchen. Hier wollen wir Sie gerne mit allen Informationen rund um unseren Service und unsere Produktangebote versorgen.<\/p>\n<p>M. Lindgens Heizung-Sanit\u00e4r hat seinen Betrieb in Grevenbroich-Noithausen. Seit 1999 ist er mit seinem Team in der Heizungs- und Sanit\u00e4rbranche t\u00e4tig.<\/p>\n<p>Der Kundendienst wird im Unternehmen immer gro\u00df beschrieben. &#8222;Die schnelle, zuverl\u00e4ssige und saubere Arbeit zeichnet unseren Betrieb aus.&#8220;, so Markus Lindgens.<\/p>\n<p>Ein fester Mitarbeiterstamm garantiert, den Leistungsanspruch der Kunden gerecht zu werden.<br \/>\nEgal, ob Kanal-TV, Rohrreinigung, Kundendienst, Wartung und Notdienst, die fachgerechte Planung und Sanierung von behindertengerechten B\u00e4dern, der Kunde wird immer gut bedient.<br \/>\nDie Beratung wird auf die individuellen W\u00fcnsche des Kunden zugeschnitten. Durch regelm\u00e4\u00dfige Schulungen beherrscht der Betrieb das Know-How rund um Gas-\/\u00d6lbrennwertanlagen, W\u00e4rmepumpen sowie Solaranlagen.<\/p>\n<p>&#8222;Ich begr\u00fc\u00dfe meine\u00a0Kunden gerne zu einem Gespr\u00e4ch in meinen Gesch\u00e4ftsr\u00e4umen&#8220;.<\/p>\n<p><img loading=\"lazy\" decoding=\"async\" class=\"alignnone wp-image-178 size-medium\" src=\"http:\/\/lindgens-haustechnik.de\/wordpress\/wp-content\/uploads\/Logo_Lindgens-1-300x127.jpg\" alt=\"\" width=\"300\" height=\"127\" srcset=\"https:\/\/lindgens-haustechnik.de\/wordpress\/wp-content\/uploads\/Logo_Lindgens-1-300x127.jpg 300w, https:\/\/lindgens-haustechnik.de\/wordpress\/wp-content\/uploads\/Logo_Lindgens-1.jpg 662w\" sizes=\"auto, (max-width: 300px) 100vw, 300px\" \/><\/p>\n","protected":false},"excerpt":{"rendered":"<p> <span class=\"readmore\"><a href=\"https:\/\/lindgens-haustechnik.de\/wordpress\/\">Weiterlesen &#8230;<\/a><\/span><\/p>\n","protected":false},"author":1,"featured_media":363,"parent":0,"menu_order":0,"comment_status":"closed","ping_status":"closed","template":"","meta":{"footnotes":"","_links_to":"","_links_to_target":""},"class_list":["post-5","page","type-page","status-publish","has-post-thumbnail","hentry"],"_links":{"self":[{"href":"https:\/\/lindgens-haustechnik.de\/wordpress\/wp-json\/wp\/v2\/pages\/5","targetHints":{"allow":["GET"]}}],"collection":[{"href":"https:\/\/lindgens-haustechnik.de\/wordpress\/wp-json\/wp\/v2\/pages"}],"about":[{"href":"https:\/\/lindgens-haustechnik.de\/wordpress\/wp-json\/wp\/v2\/types\/page"}],"author":[{"embeddable":true,"href":"https:\/\/lindgens-haustechnik.de\/wordpress\/wp-json\/wp\/v2\/users\/1"}],"replies":[{"embeddable":true,"href":"https:\/\/lindgens-haustechnik.de\/wordpress\/wp-json\/wp\/v2\/comments?post=5"}],"version-history":[{"count":0,"href":"https:\/\/lindgens-haustechnik.de\/wordpress\/wp-json\/wp\/v2\/pages\/5\/revisions"}],"wp:featuredmedia":[{"embeddable":true,"href":"https:\/\/lindgens-haustechnik.de\/wordpress\/wp-json\/wp\/v2\/media\/363"}],"wp:attachment":[{"href":"https:\/\/lindgens-haustechnik.de\/wordpress\/wp-json\/wp\/v2\/media?parent=5"}],"curies":[{"name":"wp","href":"https:\/\/api.w.org\/{rel}","templated":true}]}}